6. List the prime factors of y.
2, 3, 31
Let t be (-1 + -1)*7/7. List the prime factors of (t/3)/(18/(-1809)) - -4.
71
Suppose -4*y + 60 = 2*x, 55 = 5*y - 4*x - 46. Suppose 5*o = y - 2. Suppose 5*b = 2*l + o*b - 18, 0 = -4*l + 5*b + 33. What are the prime factors of l?
2, 3
Let b = -91 - -1202. What are the prime factors of b?
11, 101
Let b = 27 + -17. Suppose 3*s - 4*p - 305 = 0, -p + 3*p = -b. What are the prime factors of s?
5, 19
Suppose 5*s - 21 + 0 = 3*h, -2*h + 8 = 4*s. Let i be (h/4)/((-2)/4). What are the prime factors of (-3)/(i + (-56)/44)?
11
Let b be 2/(0 + (-4)/(-38)). Let a = b - 0. What are the prime factors of a?
19
Let q = 745 + -62. What are the prime factors of q?
683
Suppose 0*g = -2*g + 20. Suppose y - 2 = -0*y. Let k = g + y. List the prime factors of k.
2, 3
Suppose 2*p + 2*p - 1464 = 2*k, -3*k - 1462 = -4*p. Suppose 5*l = 2*n - 210, p = 4*n + 4*l - 25. What are the prime factors of n/12 + 2/(-6)?
2
Let w = -4 + 3. Let c be 3 + (w - (1 - 115)). Suppose -5*u - 72 = -8*u + q, 5*u - 3*q - c = 0. List the prime factors of u.
5
What are the prime factors of 18/(-9) - 7 - -1779?
2, 3, 5, 59
Suppose 5*w - 2*w - 5*x = 3199, 3*w - 3191 = x. List the prime factors of w.
1063
Let u be ((1 - 153)/(-4))/(-1). Let v = 55 + u. What are the prime factors of v?
17
Let v(z) = 3*z + 0*z + 170 - 13*z + 4*z. What are the prime factors of v(0)?
2, 5, 17
Let q(k) = -3*k**3 - 2*k**2 + 6*k + 4. Let s be q(-4). Let t = s + -76. What are the prime factors of t?
2
Let j = 758 + -294. What are the prime factors of j?
2, 29
Suppose 2*x = 6*x - 552. Suppose -x = -2*o + 20. List the prime factors of o.
79
Let l(t) be the first derivative of -t**2/2 + 43*t + 11. List the prime factors of l(0).
43
Let j(b) be the second derivative of 6*b**2 + 1/12*b**4 + 1/2*b**3 + 0 + 10*b. What are the prime factors of j(-5)?
2, 11
Suppose 3*d - 11 = -2. Suppose -4*b - 8 = 12, -b - 53 = -4*l. Suppose 4*w + 34 = 3*p, -p + 5*w + d + l = 0. List the prime factors of p.
2, 5
List the prime factors of ((-3)/(-2))/((-2)/(6 + -26)).
3, 5
Suppose -15*f + 16*f = 120. Suppose -405 = -4*t - 3*z, -3*z = t + 21 - f. List the prime factors of t.
2, 3, 17
Let s = -10 - -12. Let x be ((-3 - -2) + -1)*s. What are the prime factors of 46 - (-1)/2*x?
2, 11
Suppose -2*b = 4*b - 24. Suppose -y - b*y = -75. Suppose r - y = -2*r. What are the prime factors of r?
5
What are the prime factors of -1 - (-10 + 4)*91?
5, 109
List the prime factors of (-2965 + 0)/(12 + -5 + -8).
5, 593
Let f(k) = 6*k**2 + 5*k - 12. Let s(v) = -13*v**2 - 10*v + 25. Let y(i) = 5*f(i) + 2*s(i). List the prime factors of y(2).
2
Suppose 45*d - 39*d - 156 = 0. What are the prime factors of d?
2, 13
Let g(n) = 48*n + 301. List the prime factors of g(6).
19, 31
Let c be 2/(-7)*(10 + -17). List the prime factors of (-3 + 7)*(17 - c).
2, 3, 5
Suppose t = 3*g + 545 + 18, -4*t + 4*g + 2252 = 0. What are the prime factors of t?
563
List the prime factors of (6 - 26)/5 - -342.
2, 13
Let z(a) = -13*a - 25. Let d be z(6). Let w = -69 - d. What are the prime factors of w?
2, 17
Let g(a) = 1226*a**2 - 6*a + 4. What are the prime factors of g(1)?
2, 3, 17
Suppose 6 - 2 = -s, 3*z = -4*s - 7. Suppose -5*x = -w + 115, -4*w - z*x + 435 = w. What are the prime factors of w?
2, 3, 5
Let x be 0/6*(-1)/(-2). Suppose -r - 4*b + 27 = 0, x*r + 37 = r - b. What are the prime factors of r?
5, 7
Let d(z) = 235*z - 418. What are the prime factors of d(9)?
1697
Suppose -t + 0*t = 3*g - 14953, -2*g + 9965 = -3*t. What are the prime factors of g?
2, 7, 89
Suppose 16*c + 8 = 18*c. Suppose o - 349 = -3*r, 3*o + 0*o + 461 = c*r. List the prime factors of r.
2, 29
Let j(n) = -n**2 - 4*n + 12. Let o be j(0). Suppose d - o = 22. What are the prime factors of d?
2, 17
Let q(a) = -a**3 + 8*a**2 + 6*a - 24. Let x be q(-9). Suppose 10*h - x = 181. List the prime factors of h.
2, 37
What are the prime factors of 61*1312/24*6/4?
2, 41, 61
Let q(x) = -527*x. Let y(g) = -11*g. Let w(j) = 6*q(j) - 289*y(j). Let r be w(3). Suppose -33 = -3*a + r. List the prime factors of a.
2, 7
Let l(x) be the first derivative of -7*x**2/2 - x - 6. Let a be l(-1). List the prime factors of (-776)/(-16) + a/(-4).
47
Let f be 1 + 21 + 5 + 0 + -3. What are the prime factors of (-16)/f + (2 - 263/(-3))?
89
Let r = -251 + 907. What are the prime factors of r?
2, 41
Let t(b) = 11*b**2 - 29*b + 14. What are the prime factors of t(8)?
2, 3
Let h(r) = r**3 - 2*r**2 + 4*r - 3. Suppose 4*i = -1 + 9. Let m be h(i). Suppose 9 = m*b - 4*b. List the prime factors of b.
3
Let o(c) = 11*c**2 + c + 5. Let l(f) = -23*f**2 - 2*f - 9. Let p(m) = -6*l(m) - 11*o(m). List the prime factors of p(2).
3, 23
Let l be 21 + 3/(4 + -5). Let a be 14/4 + l/12. Let i = 47 - a. What are the prime factors of i?
2, 3, 7
Let u be (-12)/16*(1 + -5). Let m(a) = 2*a**3 - 4*a**2 + 1 - 4 + 4*a + 4 - 2. List the prime factors of m(u).
29
Suppose 3*n = -12, b - 4*n + 1 = 49. List the prime factors of b.
2
Suppose -12*h = -16564 + 3532. What are the prime factors of h?
2, 3, 181
Let x = 4 - 5. Let l(a) = 9*a**2 + 7*a + 1 - 6*a - 4*a**2. List the prime factors of l(x).
5
Suppose -6*w + 4 + 14 = 0. Suppose -w*t - 5*t = -240. List the prime factors of t.
2, 3, 5
Let d(k) = -5*k**2 + 3*k - 3. Let g be 2/(-8) - (-45)/20. Let l be d(g). Let s = 64 + l. List the prime factors of s.
47
Let f(t) = 3*t - 20. Let g be f(8). Suppose -4*v = g*o - 7*v - 456, -3*o + 342 = -3*v. Let u = o - 73. What are the prime factors of u?
41
Let g = 5 - 0. Suppose n - g*n = -3*o - 63, 5*n + 2*o = 73. Let m = n + -11. What are the prime factors of m?
2
Let c(z) = -6*z**3 + 2*z**2 + z - 24 + 8*z**3 + 8 + 8. List the prime factors of c(3).
67
Suppose 8757 = 4*z - 359. List the prime factors of z.
43, 53
Suppose 0 = 6*c - 49 - 107. Suppose -7*p + 86 + c = 0. List the prime factors of p.
2
Suppose 8044 - 2044 = 24*m. What are the prime factors of m?
2, 5
Let s(o) = 7*o - 25. Let a be s(4). List the prime factors of a/(1 + 8) - 65/(-3).
2, 11
Let n = 217 + 24. Let y = -77 + n. What are the prime factors of y?
2, 41
Suppose -2*g + 79 = h - 36, 0 = -2*h + 6. Let a = g + -16. List the prime factors of a.
2, 5
Let f(r) = -289*r - 162. List the prime factors of f(-2).
2, 13
Let w(f) = -4*f**2 - 12*f + 3. Let t be w(-3). Suppose n - 172 = -2*z - n, z + t*n = 76. What are the prime factors of z?
7, 13
Let m be 300 - 2*(5 - 6). Suppose 786 = 4*g - m. List the prime factors of g.
2, 17
Let u = -69 - -125. Let z = u + 156. What are the prime factors of z?
2, 53
Let a be ((-4)/2)/((-4)/6). Let g be 12/a - 35 - 1. List the prime factors of ((-21)/4)/(3/g).
2, 7
Let z(h) = -177*h - 3. Let r be z(-1). Suppose -r + 8 = -x. What are the prime factors of x?
2, 83
Let b(s) = -s**3 - 11*s**2 - 10*s + 10. Let z(k) = -k**3 - 3*k**2 - 3*k - 2. Let u be z(-2). Suppose -2*r - 3*r - 50 = u. What are the prime factors of b(r)?
2, 5
Suppose 0 = 5*o + 3*n + 6, -2*o = -3*o - 4*n - 8. Let f be (5 - (-2)/2)/2. Suppose -30 = -3*z + f*r, -z + 5*z + 2*r - 10 = o. List the prime factors of z.
5
Let x = 16 + -2. Let q(n) = -n**3 + 8*n**2 + 9*n. Let k be q(9). List the prime factors of 8/(-16)*(k - x).
7
Let j = -391 + 895. What are the prime factors of j?
2, 3, 7
What are the prime factors of (-21923)/(-44) - 3/12?
2, 3, 83
Suppose -8*c - 89 + 425 = 0. Let w = 168 - c. List the prime factors of w.
2, 3, 7
Let y(h) = -64*h**3 + h**2 - h + 2. What are the prime factors of y(-2)?
2, 5, 13
Let j(w) = 14*w - 5. Let l be j(8). Let a = l - 72. List the prime factors of a.
5, 7
Let o = 14 + -19. Let t = 4 + o. What are the prime factors of t/(4/(-8)) - -57?
59
Suppose -4 = -4*n, -19 = 3*k - 2*n + 13. Let t(h) = 4*h. Let d be t(4). Let l = k + d. List the prime factors of l.
2, 3
Suppose -65 = 2*u - 761. Let t = -220 + u. What are the prime factors of t?
2
Suppose j = -5*c + 5*j + 634, 3*c + 3*j = 402. What are the prime factors of 9 - 5 - c/(-2)?
3, 23
Suppose 2*f + 3*d + 115 = f, 3*f - d + 365 = 0. Let v = f - -208. What are the prime factors of v?
3, 29
List the prime factors of (-14 + 7)/(-1)*633.
3, 7, 211
Let z(t) = 21*t - 59. List the prime factors of z(4).
5
Let v(u) = 763*u**2 - 64*u + 124. What are the prime factors of v(2)?
2, 3, 127
What are the prime factors of 4/10*5 + 2 - -123?
127
